 + (-21)/81*-66. Suppose 0 = -x*o + 16*o + 144. What is the greatest common factor of o and 96?
48
Let v(h) = -h**3 + 8*h**2 - 55*h + 235. Let z be v(5). What is the highest common divisor of 469 and z?
7
Let i = -670 - -15651. What is the highest common factor of i and 71?
71
Let x be 3620 - (4/6)/(17/102). Calculate the greatest common divisor of x and 339.
113
Suppose -960 = -5*n - 0*n - 2*r, -n - 4*r + 192 = 0. Suppose -v - 10*v + 77 = 0. Suppose -3*f - n = -v*f. What is the highest common divisor of f and 6?
6
Let h be -3 - (0 - (-2 - -8)). Suppose -5*j = -5*b + 885, -5*b = h*j - 491 - 386. What is the greatest common factor of 16 and b?
16
Suppose -j - 3*u = 9, -31*j + 27*j - u + 8 = 0. Calculate the highest common divisor of j and 16.
1
Suppose 2*r - 3*r = -189. Let c = -8460 + 8481. What is the greatest common factor of r and c?
21
Let m(n) = n**3 - 8*n**2 + 8*n. Let g be m(7). Let v be 36/(-42)*14/(-4). Suppose 22*f = 25*f - v. What is the greatest common factor of g and f?
1
Let x = -48 + 80. Suppose 5*o - 215 = -5*g, 111 = 4*o - 5*g - 70. Let s = o - x. Calculate the highest common factor of 12 and s.
12
Suppose 2*z + 49 = -5*u + 38, 0 = 4*z + u - 5. Let n be 20*3 - (2 + -4). Calculate the highest common divisor of z and n.
2
Suppose 8*s - 3*s = 0. Suppose -4*y + s*y = -80. Let x = -15146 - -15246. What is the highest common divisor of x and y?
20
Let m(f) = 54*f + 504. Let a be m(-9). What is the greatest common factor of a and 2826?
18
Suppose f - 6 = 0, 22*l - 12 = 20*l + 2*f. Let a(b) = 7 - 7 + 10*b. Let o be a(3). What is the highest common divisor of l and o?
6
Suppose 4*m - 5105 = 4*z - 7*z, 8903 = 7*m - 5*z. What is the greatest common divisor of m and 624?
26
Let n be 96/4 + -32 + 1566/2. Calculate the greatest common factor of 2015 and n.
155
Let j be ((-66)/21 - -3) + 2/14. Suppose j = 10*f - 332 - 108. What is the greatest common factor of 8 and f?
4
Let o(b) = 2*b**3 + b**2 - 1. Let q(y) = -9*y**3 + 26*y**2 + y - 16. Let i(l) = -5*o(l) - q(l). Let g be i(-31). What is the highest common factor of 12 and g?
4
Let m be 2/(-4) + (2385/(-6))/(-3). Let u = 8 + m. What is the highest common divisor of u and 40?
20
Let l(q) = q**2 + 11*q - 38. Let t be l(-17). Let r = t + 16. Calculate the highest common factor of r and 10.
10
Let n be 4526/14 + (-4)/14. Let s = n + -71. Let z be (-2)/20*-70*4*1. What is the highest common factor of s and z?
28
Let w be 7/(231/(-6)) + 9/(-11). Let q be 364 - (-5 - 3/w). Calculate the highest common factor of 6 and q.
6
Let o = -247 - -163. Let w be ((-72)/o)/(2/(-126)). Let b = w - -59. Calculate the greatest common factor of b and 40.
5
Let u be ((-96)/(-9))/(-4)*(-18)/(-12). Let v be (16/(-12))/((6 + u)/(-36)). Calculate the greatest common divisor of 96 and v.
24
Let c(h) = h**2. Let j(o) = 545*o**2 - o + 6. Let g(p) = 3*c(p) + j(p). Let n be g(-2). Suppose -2*m - n = -13*m. What is the highest common factor of 25 and m?
25
Suppose -48*b = -35*b - 1053. Suppose 249 = 6*r + b. Calculate the greatest common divisor of 63 and r.
7
Let k be (66/5)/((-72)/15 - -5). Suppose 62*t - k*t = -512. What is the greatest common divisor of t and 24?
8
Let c(k) = -5*k**2 - 2*k - 5. Let s be c(-5). Let u = s - -219. Suppose 67 = 5*g + 3*w, -61*g + 57*g - 3*w = -56. What is the highest common factor of u and g?
11
Let f(q) = 204*q + 10667. Let p be f(-48). Calculate the highest common factor of p and 3625.
125
Let l = 56 - 44. Let u be (356/l - 1)/(4/(-6)). Let s = 91 + u. Calculate the greatest common divisor of 24 and s.
24
Let f = -1481 - -2906. Let x = 2487 - f. What is the highest common divisor of 18 and x?
18
Let c(n) = 353*n**3 - 5*n**2 + 3*n + 2. Let w be c(1). Let u be (-81)/162*(1 - w). What is the greatest common divisor of u and 32?
16
Let n(c) = 7*c**2 - c + 1. Let r be n(1). Suppose 3*b - 16 = -r. Suppose b*w - 184 = -w. Calculate the highest common factor of 506 and w.
46
Suppose -4*r - 112 = -3*t, 66*t - 74*t = -4*r - 272. What is the highest common factor of t and 3592?
8
Let o(b) = -b**2 + 148*b - 1048. Let m be o(9). Calculate the highest common factor of m and 1943.
29
Let z = -13631 + 14315. Calculate the greatest common divisor of z and 380.
76
Suppose 11*d + 2064 = 2834. Calculate the greatest common divisor of d and 26.
2
Let b be (-9)/(-6) - (-3 + 572/(-8)). Let a = b + -73. Suppose 0 = -3*x + a*o + 114, 2*x = -3*o - 22 + 73. Calculate the highest common factor of 264 and x.
33
Suppose 43*l - 2*l = -15*l + 82432. Calculate the greatest common divisor of l and 2116.
92
Let x = 3008 - 2962. What is the highest common factor of 19274 and x?
46
Let n(p) = p**3 - 43*p**2 + 35*p + 392. Let m be n(42). Calculate the greatest common factor of m and 24.
2
Suppose 86*g - 10143 - 102377 = -30*g. What is the highest common factor of g and 873?
97
Suppose 9*l - n = 10*l - 168, n + 5 = 0. Let t = l - 107. Calculate the highest common divisor of 165 and t.
33
Suppose -2*d - 2*y + 4 = 2, 3*y + 9 = 0. Suppose 17 = d*q - q + 2*p, 5*q = 4*p + 65. Calculate the greatest common factor of q and 144.
9
Suppose 1 = u - 7. Suppose u*v - 104 = 296. Let l = -10 + 30. What is the greatest common divisor of l and v?
10
Let m(s) = -4*s**2 - 15*s + 13. Let u(x) = 3*x**2 + 14*x - 12. Let a(t) = -5*m(t) - 6*u(t). Let l be a(-13). Calculate the highest common factor of 42 and l.
42
Let b be 0 - (-3 + 7 + -134) - -3. Suppose -19*r + b = -114. What is the highest common divisor of r and 117?
13
Let d(c) = -116*c + 1115. Let y be d(-35). Calculate the highest common divisor of y and 90.
45
Let y be (-4)/5 + (103151/1995 - (-2)/21). Let r = -77 - -213. Calculate the greatest common factor of y and r.
17
Let k(z) = -6*z + 22. Let s be k(3). Suppose -2*x + 30 = s*m, x - m = -x + 30. Calculate the highest common factor of 435 and x.
15
Suppose 0*i = -253*i - 19*i + 1088. Calculate the greatest common divisor of i and 1412.
4
Let n(t) = 60*t - 3444. Let p be n(89). Calculate the greatest common divisor of p and 48.
24
Let y(b) = -b**3 - 16*b**2 - 112*b - 41. Let h be y(-14). What is the highest common factor of h and 7264?
227
Let h be ((-30)/(-7)*(-1 - -8))/((-258)/(-172)). What is the highest common factor of 2255 and h?
5
Let u = -1178 - -5433. Calculate the highest common factor of u and 92.
23
Let d be -16 + 23 + -3 - (-155 - 0). Suppose -u + 4*u = 795. What is the highest common factor of u and d?
53
Let l be (63/(-24) - -3) + 23775/600. Let z(j) = 17*j + 1. Let t be z(4). Let a = t + -49. Calculate the greatest common factor of l and a.
20
Let w(z) = z + z**2 + 2*z**2 - 2*z**2 - 1 - 1. Let c be w(12). Calculate the highest common factor of c and 44.
22
Let x be (-64)/(2 - (-75)/(-30)). What is the greatest common divisor of 688 and x?
16
Let c(i) = -47*i + 2*i**2 + 35*i + 16*i + 3*i**3 - 2. Let k be c(2). What is the highest common factor of k and 304?
38
Let u = -4995 + 5025. Calculate the highest common divisor of 160 and u.
10
Let f(b) = -b**3 - b - 4. Let m be f(-3). Let r be (-323)/(-8) - 90/240. Suppose 21*t + r = m*t. Calculate the greatest common factor of t and 72.
8
Suppose -145*s + 1053 = -132*s. Suppose -54*q - s = -63*q. What is the highest common factor of 45 and q?
9
Suppose 3*x = 5*q - 99, 21 = 2*q + 3*x - 27. Suppose -1757 = -q*a - 560. What is the highest common divisor of 95 and a?
19
Let o(i) = 3*i**2 + 17*i + 249. Let p be o(-28). What is the highest common factor of p and 125?
125
Let w(m) = -14*m + 272. Let o be w(14). Calculate the highest common factor of 513 and o.
19
Suppose -22*c + 57 = -31. Let l be 5/(-1) + 3 - 3. Let x be (54/21)/3*(l + 19). Calculate the highest common factor of c and x.
4
Let x be (-72)/48*(-50)/3. What is the highest common divisor of x and 2275?
25
Suppose 0 = -5*o + 8*o - 30. Suppose 3*g + 4*r - 27 = 50, 2*g + 3*r = 52. Let v = g + 27. What is the greatest common factor of v and o?
10
Suppose 0 = -4*v + 3*h + 33, 67*v + h + 33 = 72*v. Let t be -2 - (-114)/18 - v/(-9). Calculate the highest common divisor of 125 and t.
5
Let y be ((-9)/3)/(1/(-1)). Suppose -3*v - 4*f + 36 = 0, -4*f - 26 - 10 = -y*v. Suppose -16*w - 8 + 152 = 0. What is the greatest common factor of v and w?
3
Let c(j) = 74*j**3 + 3*j**2 - 203*j + 1071. Let m be c(5). What is the highest common 